{"id":4094,"date":"2019-11-07T08:17:30","date_gmt":"2019-11-07T01:17:30","guid":{"rendered":"https:\/\/chacavungtau.com\/bai-viet\/?post_type=product&#038;p=4094"},"modified":"2019-11-08T14:34:06","modified_gmt":"2019-11-08T07:34:06","slug":"xe-banh-mi-cha-ca-loai-thuong-du-xtdcd19-do","status":"publish","type":"product","link":"https:\/\/chacavungtau.com\/bai-viet\/product\/xe-banh-mi-cha-ca-loai-thuong-du-xtdcd19-do\/","title":{"rendered":"Xe b\u00e1nh m\u00ec ch\u1ea3 c\u00e1 lo\u1ea1i th\u01b0\u1eddng + D\u00f9 XTDCD19 \u2013  \u0110\u1ecf"},"content":{"rendered":"<div class=\"tab-panels\">\n<div id=\"tab-description\" class=\"woocommerce-Tabs-panel woocommerce-Tabs-panel--description panel entry-content active\" role=\"tabpanel\" aria-labelledby=\"tab-title-description\">\n<p>Xe b\u00e1nh m\u00ec ch\u1ea3 c\u00e1 lo\u1ea1i th\u01b0\u1eddng + D\u00f9 XTDCD19 \u2013 M\u00e0u Cam l\u00e0 d\u00f2ng xe b\u00e1nh m\u00ec \u0111\u01b0\u1ee3c thi\u1ebft k\u1ebf theo phong c\u00e1ch chuy\u00ean nghi\u1ec7p v\u1edbi m\u00e0u xanh l\u00e1 n\u1ed5i b\u1eadt. Xe c\u00f3 \u0111\u1ea7y \u0111\u1ee7 d\u1ee5ng c\u1ee5 \u00e9p ch\u1ea3 c\u00e1, decal qu\u1ea3ng c\u00e1o 3 m\u1eb7t, t\u1ee7 ki\u1ebfng, t\u1ee7 ti\u1ec1n v\u00e0 h\u1ed1c b\u1ebfp chi\u00ean kh\u00e9p k\u00edn. G\u00fap qu\u00fd kh\u00e1ch n\u00e2ng t\u1ea7m s\u1ea3n ph\u1ea9m c\u0169ng nh\u01b0 c\u1ea1nh tranh v\u1edbi c\u00e1c xe b\u00e1nh m\u00ec kh\u00e1c. Li\u00ean h\u1ec7 0963 454 868 \u0111\u1ec3 \u0111\u01b0\u1ee3c t\u01b0 v\u1ea5n mi\u1ec5n ph\u00ed.<\/p>\n<p>Xe b\u00e1nh m\u00ec ch\u1ea3 c\u00e1 bao g\u1ed3m:<br \/>\n\u2013 M\u00e1y\/khu\u00f4n \u00e9p ch\u1ea3 c\u00e1 (xoay tr\u00e1i ph\u1ea3i \u2013 n\u1eadng cao th\u1ea5p)<br \/>\n\u2013 Decal qu\u1ea3ng c\u00e1o 3 m\u1eb7t (t\u00f9y ch\u1ec9nh thi\u1ebft k\u1ebf)<br \/>\n\u2013 T\u1ee7 ki\u1ebfng 2 t\u1ea7ng<br \/>\n\u2013 H\u1ed1c b\u1ebfp chi\u00ean kh\u00e9p k\u00edn<br \/>\n\u2013 01 b\u00e0n l\u1eadt h\u00f4ng 4 t\u1ea5c<br \/>\n\u2013 C\u00e2y c\u1eafm d\u00f9<br \/>\n\u2013 01 D\u00f9 m\u00e0u \u0111\u1ecf<br \/>\n\u2013 4 b\u00e1nh xe c\u1ee9ng c\u00e1p (2 b\u00e1nh kh\u00f3a ch\u1ea1y)<br \/>\n\u2013 K\u00cdch th\u01b0\u1edbc: 1m x 0.5m x 1.6m<\/p>\n<\/div>\n<\/div>\n","protected":false},"excerpt":{"rendered":"<p>Xe b\u00e1nh m\u00ec ch\u1ea3 c\u00e1 lo\u1ea1i th\u01b0\u1eddng + D\u00f9 XTDCD19 \u2013 M\u00e0u Cam l\u00e0 d\u00f2ng xe b\u00e1nh m\u00ec \u0111\u01b0\u1ee3c thi\u1ebft k\u1ebf theo phong c\u00e1ch chuy\u00ean nghi\u1ec7p v\u1edbi m\u00e0u xanh l\u00e1 n\u1ed5i b\u1eadt. Xe c\u00f3 \u0111\u1ea7y \u0111\u1ee7 d\u1ee5ng c\u1ee5 \u00e9p ch\u1ea3 c\u00e1, decal qu\u1ea3ng c\u00e1o 3 m\u1eb7t, t\u1ee7 ki\u1ebfng, t\u1ee7 ti\u1ec1n v\u00e0 h\u1ed1c b\u1ebfp chi\u00ean kh\u00e9p [&#8230;]\n","protected":false},"featured_media":4095,"template":"","meta":[],"product_brand":[],"product_cat":[472,473],"product_tag":[477,491,474,475],"class_list":{"0":"post-4094","1":"product","2":"type-product","3":"status-publish","4":"has-post-thumbnail","6":"product_cat-xe-banh-mi","7":"product_cat-xe-banh-mi-cha-ca-thuong","8":"product_tag-du-che","9":"product_tag-mau-do","10":"product_tag-xe-banh-mi-cha-ca","11":"product_tag-xe-banh-mi-gia-re","13":"first","14":"instock","15":"sale","16":"shipping-taxable","17":"purchasable","18":"product-type-simple"},"_links":{"self":[{"href":"https:\/\/chacavungtau.com\/bai-viet\/wp-json\/wp\/v2\/product\/4094","targetHints":{"allow":["GET"]}}],"collection":[{"href":"https:\/\/chacavungtau.com\/bai-viet\/wp-json\/wp\/v2\/product"}],"about":[{"href":"https:\/\/chacavungtau.com\/bai-viet\/wp-json\/wp\/v2\/types\/product"}],"wp:featuredmedia":[{"embeddable":true,"href":"https:\/\/chacavungtau.com\/bai-viet\/wp-json\/wp\/v2\/media\/4095"}],"wp:attachment":[{"href":"https:\/\/chacavungtau.com\/bai-viet\/wp-json\/wp\/v2\/media?parent=4094"}],"wp:term":[{"taxonomy":"product_brand","embeddable":true,"href":"https:\/\/chacavungtau.com\/bai-viet\/wp-json\/wp\/v2\/product_brand?post=4094"},{"taxonomy":"product_cat","embeddable":true,"href":"https:\/\/chacavungtau.com\/bai-viet\/wp-json\/wp\/v2\/product_cat?post=4094"},{"taxonomy":"product_tag","embeddable":true,"href":"https:\/\/chacavungtau.com\/bai-viet\/wp-json\/wp\/v2\/product_tag?post=4094"}],"curies":[{"name":"wp","href":"https:\/\/api.w.org\/{rel}","templated":true}]}}