{"id":98,"date":"2017-06-06T14:52:39","date_gmt":"2017-06-06T14:52:39","guid":{"rendered":"https:\/\/chacavungtau.com\/bai-viet\/?page_id=98"},"modified":"2017-06-06T14:52:39","modified_gmt":"2017-06-06T14:52:39","slug":"cach-lam-banh-mi-cha-ca-huong-dan-tu-az","status":"publish","type":"page","link":"https:\/\/chacavungtau.com\/bai-viet\/cach-lam-banh-mi-cha-ca-huong-dan-tu-az\/","title":{"rendered":"C\u00e1ch l\u00e0m b\u00e1nh m\u00ec ch\u1ea3 c\u00e1 &#8211; h\u01b0\u1edbng d\u1eabn t\u1eeb A-Z"},"content":{"rendered":"<h2>Ch\u00e0o b\u1ea1n, h\u00f4m nay bu\u00f4n b\u00e1n \u0111\u1eaft h\u00e0ng n\u00ean t\u00e2m tr\u1ea1ng kh\u00e1 vui v\u00e0 mu\u1ed1n vi\u1ebft c\u00e1i g\u00ec \u0111\u00f3 chia s\u1ebb v\u1edbi c\u00e1c b\u1ea1n. B\u00e0i vi\u1ebft h\u00f4m nay m\u00ecnh s\u1ebd h\u01b0\u1edbng d\u1eabn c\u00e1c b\u1ea1n l\u00e0m m\u1ed9t \u1ed5 b\u00e1nh m\u00ec ch\u1ea3 c\u00e1 ngon v\u00e0 r\u1ebb ngay t\u1ea1i nh\u00e0 ho\u1eb7c \u0111i b\u00e1n b\u00e1nh m\u00ec ch\u1ea3 c\u00e1 gi\u1ed1ng m\u00ecnh c\u0169ng \u0111\u01b0\u1ee3c (Mi\u1ec5n \u0111\u1eebng c\u1ea1nh tranh v\u1edbi m\u00ecnh l\u00e0 dc..hehe).<\/h2>\n<figure id=\"attachment_105\" aria-describedby=\"caption-attachment-105\" style=\"width: 500px\" class=\"wp-caption aligncenter\"><img loading=\"lazy\" decoding=\"async\" class=\"wp-image-105 size-full\" src=\"https:\/\/chacavungtau.com\/bai-viet\/wp-content\/uploads\/2017\/06\/IMAG0386.jpg\" alt=\"\" width=\"500\" height=\"889\" srcset=\"https:\/\/chacavungtau.com\/bai-viet\/wp-content\/uploads\/2017\/06\/IMAG0386.jpg 500w, https:\/\/chacavungtau.com\/bai-viet\/wp-content\/uploads\/2017\/06\/IMAG0386-169x300.jpg 169w, https:\/\/chacavungtau.com\/bai-viet\/wp-content\/uploads\/2017\/06\/IMAG0386-236x420.jpg 236w\" sizes=\"auto, (max-width: 500px) 100vw, 500px\" \/><figcaption id=\"caption-attachment-105\" class=\"wp-caption-text\">C\u00e1ch l\u00e0m b\u00e0nh m\u00ec ch\u1ea3 c\u00e1<\/figcaption><\/figure>\n<h3><strong>\u0110\u1ea7u ti\u00ean chu\u1ea9n b\u1ecb c\u00e1c nguy\u00ean li\u1ec7u ch\u00ednh:<\/strong><\/h3>\n<p>1. Ch\u1ea3 c\u00e1 ngon (Tham kh\u1ea3o b\u00e0i vi\u1ebft <strong><a href=\"https:\/\/chacavungtau.com\/bai-viet\/cha-ca-ban-banh-mi-mua-o-dau-la-ngon-phan-1\/\">Ch\u1ecdn ch\u1ea3 c\u00e1 ngon<\/a>)<\/strong><br \/>\n2. D\u01b0a leo<br \/>\n3. Rau r\u0103m<br \/>\n4. \u0110\u1ed3 chua (Tham kh\u1ea3i b\u00e0i vi\u1ebft: <a href=\"https:\/\/chacavungtau.com\/bai-viet\/cach-lam-chua-ngon-cho-banh-mi-cha-ca\">C\u00e1ch l\u00e0m \u0111\u1ed3 chua ngon<\/a>)<br \/>\n5. Ti\u00eau xay<br \/>\n6. N\u01b0\u1edbc t\u01b0\u01a1ng (X\u00ec d\u1ea7u) \/ N\u01b0\u1edbc s\u1ed1t (Tham kh\u1ea3o b\u00e0i vi\u1ebft: <a href=\"https:\/\/chacavungtau.com\/bai-viet\/lam-nuoc-sot-ngon-cho-banh-mi-cha-ca\">C\u00e1ch l\u00e0m n\u01b0\u1edbc s\u1ed1t ngon<\/a>)<br \/>\n7. T\u01b0\u01a1ng \u1edbt<\/p>\n<figure id=\"attachment_106\" aria-describedby=\"caption-attachment-106\" style=\"width: 600px\" class=\"wp-caption aligncenter\"><img loading=\"lazy\" decoding=\"async\" class=\"wp-image-106 size-full\" src=\"https:\/\/chacavungtau.com\/bai-viet\/wp-content\/uploads\/2017\/06\/IMAG0374.jpg\" alt=\"\" width=\"600\" height=\"338\" srcset=\"https:\/\/chacavungtau.com\/bai-viet\/wp-content\/uploads\/2017\/06\/IMAG0374.jpg 600w, https:\/\/chacavungtau.com\/bai-viet\/wp-content\/uploads\/2017\/06\/IMAG0374-300x169.jpg 300w\" sizes=\"auto, (max-width: 600px) 100vw, 600px\" \/><figcaption id=\"caption-attachment-106\" class=\"wp-caption-text\">C\u00e1ch l\u00e0m b\u00e1nh m\u00ec ch\u1ea3 c\u00e1<\/figcaption><\/figure>\n<h3><strong>B\u01b0\u1edbc th\u1ee9 hai l\u00e0 chu\u1ea9n b\u1ecb c\u00e1c \u0111\u1ed3 d\u00f9ng:<\/strong><\/h3>\n<p>1. Ch\u1ea3o chi\u00ean<br \/>\n2. V\u1ee3t ch\u1ea3, v\u1ee3t c\u1eb7n<br \/>\n3. Thau h\u1ee9ng d\u1ea7u, r\u1ed5 l\u1ecdc d\u1ea7u.<br \/>\n4. G\u1eafp \u0111\u00e1<br \/>\n5. Khay \u0111\u1ef1ng rau, d\u01b0a leo.<br \/>\n6. Dao nh\u1ecf<\/p>\n<figure id=\"attachment_107\" aria-describedby=\"caption-attachment-107\" style=\"width: 307px\" class=\"wp-caption aligncenter\"><img loading=\"lazy\" decoding=\"async\" class=\" wp-image-107\" src=\"https:\/\/chacavungtau.com\/bai-viet\/wp-content\/uploads\/2017\/06\/IMAG0389.jpg\" alt=\"\" width=\"307\" height=\"563\" \/><figcaption id=\"caption-attachment-107\" class=\"wp-caption-text\">c\u00e1ch l\u00e0m b\u00e1nh m\u00ec ch\u1ea3 c\u00e1<\/figcaption><\/figure>\n<h3><strong>Sau khi chu\u1ea9n b\u1ecb c\u00e1c nguy\u00ean li\u1ec7u v\u00e0 d\u1ee5ng c\u1ee5 \u0111\u1ea7y \u0111\u1ee7 th\u00ec ta \u0111i v\u00e0o b\u01b0\u1edbc ch\u1ebf bi\u1ebfn. \u0110\u1ea7u ti\u00ean s\u1ebd l\u00e0 chi\u00ean ch\u1ea3 c\u00e1.<\/strong><\/h3>\n<p>Chi\u00ean ch\u1ea3 c\u00e1 s\u1ebd c\u00f3 2 c\u00e1ch chi\u00ean. C\u00e1ch th\u1ee9 nh\u1ea5t l\u00e0 d\u00f9ng \u0111\u0129a \u0111\u1ec3 chi\u00ean, c\u00e1ch th\u1ee9 hai l\u00e0 d\u00f9ng khu\u00f4n \u00e9p ch\u1ea3 c\u00e1 hay c\u00f2n g\u1ecdi l\u00e0 m\u00e1y \u00e9p ch\u1ea3 c\u00e1 (B\u1ea1n n\u00e0o ch\u01b0a bi\u1ebft th\u00ec c\u00f3 th\u1ec3 xem th\u00eam b\u00e0i vi\u1ebft: <a href=\"https:\/\/chacavungtau.com\/bai-viet\/may-ep-cha-ca-khuon-ep-cha-ca-co-cong-dung-gi\">C\u00f4ng d\u1ee5ng c\u1ee7a khu\u00f4n \u00e9p ch\u1ea3 c\u00e1 &#8211; m\u00e1y \u00e9p ch\u1ea3 c\u00e1<\/a>). V\u1eady \u1edf \u0111\u00e2y m\u00ecnh s\u1ebd h\u01b0\u1edbng d\u1eabn c\u00e1ch th\u1ee9 nh\u1ea5t l\u00e0 d\u00f9ng \u0111\u0129a \u0111\u1ec3 chi\u00ean ch\u1ea3 cho \u0111\u1ee7 hai c\u00e1ch. Tr\u01b0\u1edbc ti\u00ean h\u00e3y chu\u1ea9n b\u1ecb 1 c\u00e1i \u0111\u0129a nh\u1ecf, sau \u0111\u00f3 tr\u00e1ng m\u1ed9t l\u1edbp d\u1ea7u \u1edf m\u1eb7t \u0111\u0129a, l\u1ea5y ch\u1ea3 c\u00e1 \u0111\u1ec3 l\u00ean \u0111\u0129a v\u00e0 d\u00f9ng mu\u1ed7ng \u00e9p nh\u1eb9 th\u00e0nh b\u00e1nh v\u1eeba c\u00e1i \u0111\u0129a, \u00e9p sao cho mi\u1ebfng ch\u1ea3 c\u00e1 c\u00f3 \u0111\u1ed9 d\u00e0y 0.5-1cm l\u00e0 \u0111\u01b0\u1ee3c. N\u1ea5u d\u1ea7u th\u1eadt n\u00f3ng trong ch\u1ea3o, v\u00e0 b\u1eaft \u0111\u1ea7u d\u00f9ng mu\u1ed7ng c\u1eaft ch\u1ea3 c\u00e1 th\u00e0nh mi\u1ebfng nh\u1ecf v\u00e0 g\u1ea1t v\u00e0o trong ch\u1ea3o d\u1ea7u. L\u00e0m th\u1eadt nhanh, g\u1ecdn v\u00e0 l\u1ea5y \u0111\u0169a \u0111\u1ea3o th\u1eadt \u0111\u1ec1u ch\u1ea3 c\u00e1 cho \u0111\u1ebfn kh\u00ed ch\u1ea3 c\u00e1 v\u00e0ng \u0111\u1ec1u. L\u1ea5y v\u1ee3t ch\u1ea3 ra \u0111\u1ec3 v\u1ee3t ch\u1ea3 c\u00e1 cho r\u00e1o d\u1ea7u.<\/p>\n<figure id=\"attachment_114\" aria-describedby=\"caption-attachment-114\" style=\"width: 259px\" class=\"wp-caption aligncenter\"><img loading=\"lazy\" decoding=\"async\" class=\" wp-image-114\" src=\"https:\/\/chacavungtau.com\/bai-viet\/wp-content\/uploads\/2017\/06\/IMAG0383.jpg\" alt=\"\" width=\"259\" height=\"467\" \/><figcaption id=\"caption-attachment-114\" class=\"wp-caption-text\">ch\u1ea3 c\u00e1 l\u00e0m b\u00e1nh m\u00ec ch\u1ea3 c\u00e1<\/figcaption><\/figure>\n<h3><strong>Ti\u1ebfp theo \u0111\u1ebfn chu\u1ea9n b\u1ecb d\u01b0a leo, rau r\u0103m v\u00e0 \u0111\u1ed3 chua<\/strong><\/h3>\n<p>D\u01b0a leo ch\u00fang ta ch\u1ecdn tr\u00e1i v\u1eeba d\u00e0i v\u1eeba b\u1eb1ng \u1ed5 b\u00e1nh m\u00ec \u0111\u1ec3 tr\u00e1nh t\u00ecnh tr\u1ea1ng l\u00e3ng ph\u00ed n\u1ebfu d\u01b0a d\u00e0i qu\u00e1 ph\u1ea3i c\u1eaft b\u1ecf b\u1edbt m\u00e0 h\u1ee5t nhi\u1ec1u qu\u00e1 th\u00ec \u0103n s\u1ebd ch\u1ed7 c\u00f3 ch\u1ed7 kh\u00f4ng c\u00f3. Th\u00e1i d\u01b0a th\u00ec ta n\u00ean th\u00e1i d\u1ea7y mi\u1ebfng \u0111\u1ec3 \u0103n c\u00f3 c\u1ea3m gi\u00e1c gi\u00f2n v\u00e0 m\u00e1t.<\/p>\n<figure id=\"attachment_115\" aria-describedby=\"caption-attachment-115\" style=\"width: 507px\" class=\"wp-caption aligncenter\"><img loading=\"lazy\" decoding=\"async\" class=\" wp-image-115\" src=\"https:\/\/chacavungtau.com\/bai-viet\/wp-content\/uploads\/2017\/06\/IMAG0381a.jpg\" alt=\"\" width=\"507\" height=\"336\" \/><figcaption id=\"caption-attachment-115\" class=\"wp-caption-text\">C\u00e1ch l\u00e0m b\u00e1nh m\u00ec ch\u1ea3 c\u00e1<\/figcaption><\/figure>\n<p>Rau r\u0103m th\u00ec m\u00ecnh ch\u1ecdn lo\u1ea1i rau r\u0103m non v\u00ec ch\u00fang d\u1ec5 l\u1eb7t, kh\u00f4ng ph\u1ea3i b\u1ecf c\u1ecdng ch\u1ec9 c\u1ea7n l\u1eb7t l\u00e1 \u00faa v\u00e0 c\u1ecdng n\u00e0o gi\u00e0 \u0111i th\u00f4i. C\u00f2n c\u00e1c b\u1ea1n mu\u1ed1n \u0103n th\u01a1m h\u01a1n th\u00ec c\u00f3 th\u1ec3 ch\u1ecdn lo\u1ea1i rau r\u0103m gi\u00e0, nh\u01b0ng nh\u1edb lo\u1ea1i b\u1ecf c\u1ecdng \u0111i nh\u00e9, v\u00ec \u0103n s\u1ebd r\u1ea5t kh\u00f3 ch\u1ecbu khi ph\u1ea3i nh\u1eb1n ra.<\/p>\n<figure id=\"attachment_116\" aria-describedby=\"caption-attachment-116\" style=\"width: 467px\" class=\"wp-caption aligncenter\"><img loading=\"lazy\" decoding=\"async\" class=\" wp-image-116\" src=\"https:\/\/chacavungtau.com\/bai-viet\/wp-content\/uploads\/2017\/06\/IMAG0374a.jpg\" alt=\"\" width=\"467\" height=\"328\" \/><figcaption id=\"caption-attachment-116\" class=\"wp-caption-text\">C\u00e1ch l\u00e0m b\u00e1nh m\u00ec ch\u1ea3 c\u00e1 ngon<\/figcaption><\/figure>\n<h3><strong>B\u00e2y gi\u1edd ta \u0111i v\u00e0o ph\u1ea7n ch\u00ednh \u0111\u00f3 l\u00e0 nh\u1eadn b\u00e1nh m\u00ec ch\u1ea3 c\u00e1.<\/strong><\/h3>\n<p>\u0110\u1ea7u ti\u00ean h\u00e3y r\u1ea1ch m\u1ed9t \u0111\u01b0\u1eddng t\u1eeb \u0111\u1ea7u b\u00e1nh m\u00ec t\u1edbi cu\u1ed1i \u1ed5 b\u00e1nh m\u00ec, d\u00f9ng tay \u0111\u1ec3 banh \u1ed5 b\u00e1nh m\u00ec ra th\u1eadt r\u1ed9ng v\u00ec ch\u00fang ta c\u1ea7n kh\u00f4ng gian \u0111\u1ec3 nh\u00e9t nguy\u00ean li\u1ec7u th\u1eadt \u0111\u1ec1u. M\u1ed9t s\u1ed1 ch\u1ee7 b\u00e1nh m\u00ec th\u01b0\u1eddng ch\u1ec9 r\u1ea1ch \u0111\u01b0\u1eddng nh\u1ecf v\u00e0 nh\u00e9t nguy\u00ean li\u1ec7u v\u00e0o b\u00e1nh m\u00ec. Tuy nhi\u00ean c\u00e1ch n\u00e0y s\u1ebd khi\u1ebfn kh\u00e1ch h\u00e0ng \u0103n kh\u00f4ng ngon do nguy\u00ean li\u1ec7u s\u1eafp x\u1ebfp kh\u00f4ng \u0111\u1ec1u, b\u00ean ch\u1ec9 c\u00f3 ch\u1ea3 c\u00e1, b\u00ean th\u00ec ch\u1ec9 c\u00f3 rau. Sau khi r\u1ea1ch \u1ed5 b\u00e1nh m\u00ec v\u00e0 banh r\u1ed9ng n\u00f3 ra nh\u01b0 v\u1ecf s\u00f2, r\u1ed3i b\u1eaft \u0111\u1ea7u tr\u1ea3i rau r\u0103m ra, sau \u0111\u00f3 \u0111\u1eb7t mi\u1ebfng d\u01b0a leo \u1edf gi\u1eefa, ti\u1ebfp theo \u0111\u00f3 l\u00e0 tr\u1ea3i \u0111\u1ed3 chua l\u00ean (C\u00e1c b\u1ea1n nh\u1edb tr\u1ea3i \u0111\u1ec1u nh\u00e9), tr\u1ea3i ch\u1ea3 c\u00e1 l\u00ean v\u00e0 sau c\u00f9ng l\u00e0 x\u1ecbt n\u01b0\u1edbc t\u01b0\u01a1ng (n\u01b0\u1edbc s\u1ed1t), t\u01b0\u01a1ng \u1edbt, ti\u00eau l\u00ean m\u1eb7t ch\u1ea3 c\u00e1. Cu\u1ed1i c\u00f9ng l\u00e0 &#8220;\u0111\u1eady&#8221; \u1ed5 b\u00e1nh m\u00ec l\u1ea1i, g\u00f3i gi\u1ea5y c\u1ed9t thun, th\u01b0\u1edfng th\u1ee9c ngay cho n\u00f3ng h\u1ed5i. Ch\u00fac c\u00e1c b\u1ea1n c\u00f3 m\u1ed9t \u1ed5 b\u00e1nh m\u00ec ngon \u0111\u1ec3 \u0103n v\u00e0 m\u1eddi m\u1ecdi ng\u01b0\u1eddi nh\u00e9.<\/p>\n<p style=\"text-align: right;\"><em>Mr.Tan (chacavungtau.com)<\/em><\/p>\n","protected":false},"excerpt":{"rendered":"<p>Ch\u00e0o b\u1ea1n, h\u00f4m nay bu\u00f4n b\u00e1n \u0111\u1eaft h\u00e0ng n\u00ean t\u00e2m tr\u1ea1ng kh\u00e1 vui v\u00e0 mu\u1ed1n vi\u1ebft c\u00e1i g\u00ec \u0111\u00f3 chia s\u1ebb v\u1edbi c\u00e1c b\u1ea1n. B\u00e0i vi\u1ebft h\u00f4m nay m\u00ecnh s\u1ebd h\u01b0\u1edbng d\u1eabn c\u00e1c b\u1ea1n l\u00e0m m\u1ed9t \u1ed5 b\u00e1nh m\u00ec ch\u1ea3 c\u00e1 ngon v\u00e0 r\u1ebb ngay t\u1ea1i nh\u00e0 ho\u1eb7c \u0111i b\u00e1n b\u00e1nh m\u00ec ch\u1ea3 c\u00e1 gi\u1ed1ng [&#8230;]\n","protected":false},"author":1,"featured_media":105,"parent":0,"menu_order":0,"comment_status":"closed","ping_status":"closed","template":"","meta":{"footnotes":""},"class_list":["post-98","page","type-page","status-publish","has-post-thumbnail","hentry"],"_links":{"self":[{"href":"https:\/\/chacavungtau.com\/bai-viet\/wp-json\/wp\/v2\/pages\/98","targetHints":{"allow":["GET"]}}],"collection":[{"href":"https:\/\/chacavungtau.com\/bai-viet\/wp-json\/wp\/v2\/pages"}],"about":[{"href":"https:\/\/chacavungtau.com\/bai-viet\/wp-json\/wp\/v2\/types\/page"}],"author":[{"embeddable":true,"href":"https:\/\/chacavungtau.com\/bai-viet\/wp-json\/wp\/v2\/users\/1"}],"replies":[{"embeddable":true,"href":"https:\/\/chacavungtau.com\/bai-viet\/wp-json\/wp\/v2\/comments?post=98"}],"version-history":[{"count":0,"href":"https:\/\/chacavungtau.com\/bai-viet\/wp-json\/wp\/v2\/pages\/98\/revisions"}],"wp:featuredmedia":[{"embeddable":true,"href":"https:\/\/chacavungtau.com\/bai-viet\/wp-json\/wp\/v2\/media\/105"}],"wp:attachment":[{"href":"https:\/\/chacavungtau.com\/bai-viet\/wp-json\/wp\/v2\/media?parent=98"}],"curies":[{"name":"wp","href":"https:\/\/api.w.org\/{rel}","templated":true}]}}