{"id":434,"date":"2018-06-07T16:53:58","date_gmt":"2018-06-07T09:53:58","guid":{"rendered":"https:\/\/chacavungtau.com\/bai-viet\/?page_id=434"},"modified":"2018-06-07T16:53:58","modified_gmt":"2018-06-07T09:53:58","slug":"dieu-khoan-dich-vu","status":"publish","type":"page","link":"https:\/\/chacavungtau.com\/bai-viet\/dieu-khoan-dich-vu\/","title":{"rendered":"\u0110i\u1ec1u kho\u1ea3n d\u1ecbch v\u1ee5"},"content":{"rendered":"<h4>\u0110i\u1ec1u 1: Gi\u1ea3i th\u00edch t\u1eeb ng\u1eef<\/h4>\n<ol>\n<li><strong>T\u00e0i kho\u1ea3n Chacavungtau ID<\/strong>: L\u00e0 t\u00e0i kho\u1ea3n \u0111\u1ec3 truy c\u1eadp s\u1eed d\u1ee5ng m\u1ed9t ph\u1ea7n ho\u1eb7c t\u1ea5t c\u1ea3 c\u00e1c s\u1ea3n ph\u1ea9m c\u1ee7a <strong>Chacavungtau <\/strong>.<\/li>\n<li><strong>Ch\u1ee7 t\u00e0i kho\u1ea3n<\/strong>: L\u00e0 ng\u01b0\u1eddi s\u1edf h\u1eefu h\u1ee3p ph\u00e1p t\u00e0i kho\u1ea3n <strong>Chacavungtau <\/strong>ID.<\/li>\n<li><strong>Gi\u1ea5y t\u1edd t\u00f9y th\u00e2n<\/strong>:\u00a0Gi\u1ea5y t\u1edd t\u00f9y th\u00e2n theo quy \u0111\u1ecbnh trong Quy ch\u1ebf n\u00e0y l\u00e0 m\u1ed9t trong c\u00e1c gi\u1ea5y t\u1edd sau:\u00a0Ch\u1ee9ng minh nh\u00e2n d\u00e2n, H\u1ed9 chi\u1ebfu, Gi\u1ea5y ph\u00e9p l\u00e1i xe.<\/li>\n<li><strong>T\u00e0i kho\u1ea3n li\u00ean k\u1ebft<\/strong>:\u00a0L\u00e0 vi\u1ec7c d\u00f9ng t\u00e0i kho\u1ea3n c\u1ee7a Yahoo, Google v\u00e0 Facebook \u0111\u1ec3 \u0111\u0103ng nh\u1eadp v\u00e0o t\u00e0i kho\u1ea3n <strong>Chacavungtau <\/strong>ID.<\/li>\n<\/ol>\n<h4>\u0110i\u1ec1u 2: Qui ch\u1ebf s\u1eed d\u1ee5ng t\u00e0i kho\u1ea3n <strong>Chacavungtau <\/strong>ID<\/h4>\n<ol>\n<li>B\u1ea1n ph\u1ea3i ch\u1ecbu tr\u00e1ch nhi\u1ec7m ho\u00e0n to\u00e0n tr\u01b0\u1edbc m\u1ecdi th\u00f4ng tin \u0111\u0103ng k\u00fd t\u00e0i kho\u1ea3n <strong>Chacavungtau <\/strong>ID, th\u00f4ng tin s\u1eeda \u0111\u1ed5i, b\u1ed5 sung t\u00e0i kho\u1ea3n <strong>Chacavungtau\u00a0 <\/strong>ID.<\/li>\n<li>Ngo\u00e0i vi\u1ec7c tu\u00e2n th\u1ee7 Quy ch\u1ebf s\u1eed d\u1ee5ng <strong>Chacavungtau <\/strong>ID n\u00e0y, b\u1ea1n ph\u1ea3i ch\u1ea5p h\u00e0nh nghi\u00eam ch\u1ec9nh c\u00e1c th\u1ecfa thu\u1eadn, quy \u0111\u1ecbnh, quy tr\u00ecnh kh\u00e1c c\u1ee7a <strong>Chacavungtau <\/strong>khi s\u1eed d\u1ee5ng s\u1ea3n ph\u1ea9m c\u1ee7a <strong>Chacavungtau <\/strong>\u0111\u01b0\u1ee3c \u0111\u0103ng t\u1ea3i c\u00f4ng khai tr\u00ean website s\u1ea3n ph\u1ea9m c\u1ee7a <strong>Chacavungtau <\/strong>.<\/li>\n<li>B\u1ea1n kh\u00f4ng \u0111\u01b0\u1ee3c \u0111\u1eb7t t\u00e0i kho\u1ea3n theo t\u00ean c\u1ee7a danh nh\u00e2n, t\u00ean c\u00e1c v\u1ecb l\u00e3nh \u0111\u1ea1o c\u1ee7a \u0110\u1ea3ng v\u00e0 Nh\u00e0 n\u01b0\u1edbc, t\u00ean c\u1ee7a c\u00e1 nh\u00e2n, t\u1ed5 ch\u1ee9c t\u1ed9i ph\u1ea1m, ph\u1ea3n \u0111\u1ed9ng, kh\u1ee7ng b\u1ed1 ho\u1eb7c t\u00e0i kho\u1ea3n c\u00f3 \u00fd ngh\u0129a kh\u00f4ng l\u00e0nh m\u1ea1nh, tr\u00e1i v\u1edbi thu\u1ea7n phong m\u1ef9 t\u1ee5c.<\/li>\n<li>Khi s\u1eed d\u1ee5ng s\u1ea3n ph\u1ea9m c\u1ee7a <strong>Chacavungtau <\/strong>, b\u1ea1n ph\u1ea3i l\u1ef1a ch\u1ecdn s\u1eed d\u1ee5ng s\u1ea3n ph\u1ea9m ph\u00f9 h\u1ee3p v\u1edbi \u0111\u1ed9 tu\u1ed5i v\u00e0 ch\u1ea5p h\u00e0nh nghi\u00eam ch\u1ec9nh c\u00e1c th\u1ecfa thu\u1eadn c\u1ee7a t\u1eebng s\u1ea3n ph\u1ea9m \u0111\u01b0\u1ee3c \u0111\u0103ng c\u00f4ng khai tr\u00ean website c\u1ee7a s\u1ea3n ph\u1ea9m \u0111\u00f3.<\/li>\n<\/ol>\n<h4>\u0110i\u1ec1u 3: C\u00e1c h\u00e0nh vi c\u1ea5m<\/h4>\n<p>L\u1ee3i d\u1ee5ng vi\u1ec7c cung c\u1ea5p, s\u1eed d\u1ee5ng d\u1ecbch v\u1ee5 Internet v\u00e0 th\u00f4ng tin tr\u00ean m\u1ea1ng nh\u1eb1m m\u1ee5c \u0111\u00edch:<\/p>\n<ol>\n<li>Ti\u1ebft l\u1ed9 b\u00ed m\u1eadt Nh\u00e0 n\u01b0\u1edbc, b\u00ed m\u1eadt qu\u00e2n s\u1ef1, an ninh, kinh t\u1ebf, \u0111\u1ed1i ngo\u1ea1i v\u00e0 nh\u1eefng b\u00ed m\u1eadt kh\u00e1c do ph\u00e1p lu\u1eadt quy \u0111\u1ecbnh.<\/li>\n<li>\u0110\u01b0a th\u00f4ng tin xuy\u00ean t\u1ea1c, vu kh\u1ed1ng, x\u00fac ph\u1ea1m uy t\u00edn c\u1ee7a t\u1ed5 ch\u1ee9c, danh d\u1ef1 v\u00e0 nh\u00e2n ph\u1ea9m c\u1ee7a c\u00e1 nh\u00e2n.<\/li>\n<li>Qu\u1ea3ng c\u00e1o, tuy\u00ean truy\u1ec1n, mua b\u00e1n h\u00e0ng ho\u00e1, d\u1ecbch v\u1ee5 b\u1ecb c\u1ea5m; truy\u1ec1n b\u00e1 t\u00e1c ph\u1ea9m b\u00e1o ch\u00ed, v\u0103n h\u1ecdc, ngh\u1ec7 thu\u1eadt, xu\u1ea5t b\u1ea3n ph\u1ea9m b\u1ecb c\u1ea5m.<\/li>\n<li>C\u1ea3n tr\u1edf tr\u00e1i ph\u00e1p lu\u1eadt, g\u00e2y r\u1ed1i, ph\u00e1 ho\u1ea1i h\u1ec7 th\u1ed1ng m\u00e1y ch\u1ee7 t\u00ean mi\u1ec1n qu\u1ed1c gia, h\u1ec7 th\u1ed1ng thi\u1ebft b\u1ecb cung c\u1ea5p d\u1ecbch v\u1ee5 Internet v\u00e0 th\u00f4ng tin tr\u00ean m\u1ea1ng; c\u1ea3n tr\u1edf vi\u1ec7c truy c\u1eadp th\u00f4ng tin v\u00e0 s\u1eed d\u1ee5ng c\u00e1c d\u1ecbch v\u1ee5 h\u1ee3p ph\u00e1p tr\u00ean Interrnet c\u1ee7a t\u1ed5 ch\u1ee9c, c\u00e1 nh\u00e2n.<\/li>\n<li>S\u1eed d\u1ee5ng tr\u00e1i ph\u00e9p m\u1eadt kh\u1ea9u, kho\u00e1 m\u1eadt m\u00e3 c\u1ee7a c\u00e1c t\u1ed5 ch\u1ee9c, c\u00e1 nh\u00e2n, th\u00f4ng tin ri\u00eang, th\u00f4ng tin c\u00e1 nh\u00e2n v\u00e0 t\u00e0i nguy\u00ean Internet.<\/li>\n<li>Gi\u1ea3 m\u1ea1o t\u1ed5 ch\u1ee9c, c\u00e1 nh\u00e2n v\u00e0 ph\u00e1t t\u00e1n th\u00f4ng tin gi\u1ea3 m\u1ea1o, th\u00f4ng tin sai s\u1ef1 th\u1eadt tr\u00ean m\u1ea1ng x\u00e2m h\u1ea1i \u0111\u1ebfn quy\u1ec1n v\u00e0 l\u1ee3i \u00edch h\u1ee3p ph\u00e1p c\u1ee7a t\u1ed5 ch\u1ee9c, c\u00e1 nh\u00e2n.<\/li>\n<li>T\u1ea1o \u0111\u01b0\u1eddng d\u1eabn tr\u00e1i ph\u00e9p \u0111\u1ed1i v\u1edbi t\u00ean mi\u1ec1n c\u1ee7a t\u1ed5 ch\u1ee9c, c\u00e1 nh\u00e2n. T\u1ea1o, c\u00e0i \u0111\u1eb7t, ph\u00e1t t\u00e1n c\u00e1c ph\u1ea7n m\u1ec1m \u0111\u1ed9c h\u1ea1i, vi r\u00fat m\u00e1y t\u00ednh; x\u00e2m nh\u1eadp tr\u00e1i ph\u00e9p, chi\u1ebfm quy\u1ec1n \u0111i\u1ec1u khi\u1ec3n h\u1ec7 th\u1ed1ng th\u00f4ng tin, t\u1ea1o l\u1eadp c\u00f4ng c\u1ee5 t\u1ea5n c\u00f4ng tr\u00ean Internet.<\/li>\n<li>Tuy\u1ec7t \u0111\u1ed1i kh\u00f4ng s\u1eed d\u1ee5ng b\u1ea5t k\u1ef3 ch\u01b0\u01a1ng tr\u00ecnh, c\u00f4ng c\u1ee5 hay h\u00ecnh th\u1ee9c n\u00e0o kh\u00e1c \u0111\u1ec3 can thi\u1ec7p v\u00e0o s\u1ea3n ph\u1ea9m c\u1ee7a <strong>Chacavungtau <\/strong>.<\/li>\n<li>Nghi\u00eam c\u1ea5m vi\u1ec7c ph\u00e1t t\u00e1n, truy\u1ec1n b\u00e1 hay c\u1ed5 v\u0169 cho b\u1ea5t k\u1ef3 ho\u1ea1t \u0111\u1ed9ng n\u00e0o nh\u1eb1m can thi\u1ec7p, ph\u00e1 ho\u1ea1i hay x\u00e2m nh\u1eadp v\u00e0o d\u1eef li\u1ec7u c\u1ee7a s\u1ea3n ph\u1ea9m cung c\u1ea5p ho\u1eb7c h\u1ec7 th\u1ed1ng m\u00e1y ch\u1ee7.<\/li>\n<li>Kh\u00f4ng \u0111\u01b0\u1ee3c c\u00f3 b\u1ea5t k\u1ef3 h\u00e0nh vi n\u00e0o nh\u1eb1m \u0111\u0103ng nh\u1eadp tr\u00e1i ph\u00e9p ho\u1eb7c t\u00ecm c\u00e1ch \u0111\u0103ng nh\u1eadp tr\u00e1i ph\u00e9p ho\u1eb7c g\u00e2y thi\u1ec7t h\u1ea1i cho h\u1ec7 th\u1ed1ng m\u00e1y ch\u1ee7.<\/li>\n<li>Kh\u00f4ng ch\u1ea5p nh\u1eadn vi\u1ec7c mua b\u00e1n t\u00e0i kho\u1ea3n <strong>Chacavungtau <\/strong>ID b\u1eb1ng ti\u1ec1n th\u1eadt ho\u1eb7c hi\u1ec7n kim.<\/li>\n<li>Khi giao ti\u1ebfp v\u1edbi ng\u01b0\u1eddi d\u00f9ng kh\u00e1c, b\u1ea1n kh\u00f4ng \u0111\u01b0\u1ee3c qu\u1ea5y r\u1ed1i, ch\u1eedi b\u1edbi, l\u00e0m phi\u1ec1n hay c\u00f3 b\u1ea5t k\u1ef3 h\u00e0nh vi thi\u1ebfu v\u0103n ho\u00e1 n\u00e0o \u0111\u1ed1i v\u1edbi ng\u01b0\u1eddi d\u00f9ng kh\u00e1c.<\/li>\n<li>Tuy\u1ec7t \u0111\u1ed1i nghi\u00eam c\u1ea5m vi\u1ec7c x\u00fac ph\u1ea1m, nh\u1ea1o b\u00e1ng ng\u01b0\u1eddi kh\u00e1c d\u01b0\u1edbi b\u1ea5t k\u1ef3 h\u00ecnh th\u1ee9c n\u00e0o (nh\u1ea1o b\u00e1ng, ch\u00ea bai, k\u1ef3 th\u1ecb t\u00f4n gi\u00e1o, gi\u1edbi t\u00ednh, s\u1eafc t\u1ed9c\u2026).<\/li>\n<li>Kh\u00f4ng c\u00f3 nh\u1eefng h\u00e0nh vi, th\u00e1i \u0111\u1ed9 l\u00e0m t\u1ed5n h\u1ea1i \u0111\u1ebfn uy t\u00edn c\u00e1c s\u1ea3n ph\u1ea9m c\u1ee7a <strong>Chacavungtau <\/strong>ho\u1eb7c <strong>Chacavungtau <\/strong>d\u01b0\u1edbi b\u1ea5t k\u1ef3 h\u00ecnh th\u1ee9c ho\u1eb7c ph\u01b0\u01a1ng th\u1ee9c n\u00e0o.<\/li>\n<li>Nghi\u00eam c\u1ea5m qu\u1ea3ng b\u00e1 b\u1ea5t k\u1ef3 s\u1ea3n ph\u1ea9m d\u01b0\u1edbi b\u1ea5t k\u1ef3 h\u00ecnh th\u1ee9c n\u00e0o, bao g\u1ed3m nh\u01b0ng kh\u00f4ng gi\u1edbi h\u1ea1n vi\u1ec7c g\u1eedi, truy\u1ec1n b\u1ea5t k\u1ef3 th\u00f4ng \u0111i\u1ec7p n\u00e0o mang t\u00ednh qu\u1ea3ng c\u00e1o, m\u1eddi g\u1ecdi, th\u01b0 d\u00e2y truy\u1ec1n, c\u01a1 h\u1ed9i \u0111\u1ea7u t\u01b0 tr\u00ean s\u1ea3n ph\u1ea9m c\u1ee7a <strong>Chacavungtau <\/strong>m\u00e0 kh\u00f4ng c\u00f3 s\u1ef1 \u0111\u1ed3ng \u00fd b\u1eb1ng v\u0103n b\u1ea3n c\u1ee7a <strong>Chacavungtau <\/strong>.<\/li>\n<li>Nghi\u00eam c\u1ea5m t\u1ed5 ch\u1ee9c c\u00e1c h\u00ecnh th\u1ee9c c\u00e1 c\u01b0\u1ee3c, c\u1edd b\u1ea1c ho\u1eb7c c\u00e1c th\u1ecfa thu\u1eadn li\u00ean quan \u0111\u1ebfn ti\u1ec1n, hi\u1ec7n kim, hi\u1ec7n v\u1eadt.<\/li>\n<li>Nghi\u00eam c\u1ea5m m\u1ecdi h\u00e0nh vi ph\u00e1 ho\u1ea1i s\u1ea3n ph\u1ea9m c\u1ee7a <strong>Chacavungtau <\/strong>d\u01b0\u1edbi m\u1ecdi h\u00ecnh th\u1ee9c<\/li>\n<\/ol>\n","protected":false},"excerpt":{"rendered":"<p>\u0110i\u1ec1u 1: Gi\u1ea3i th\u00edch t\u1eeb ng\u1eef T\u00e0i kho\u1ea3n Chacavungtau ID: L\u00e0 t\u00e0i kho\u1ea3n \u0111\u1ec3 truy c\u1eadp s\u1eed d\u1ee5ng m\u1ed9t ph\u1ea7n ho\u1eb7c t\u1ea5t c\u1ea3 c\u00e1c s\u1ea3n ph\u1ea9m c\u1ee7a Chacavungtau . Ch\u1ee7 t\u00e0i kho\u1ea3n: L\u00e0 ng\u01b0\u1eddi s\u1edf h\u1eefu h\u1ee3p ph\u00e1p t\u00e0i kho\u1ea3n Chacavungtau ID. Gi\u1ea5y t\u1edd t\u00f9y th\u00e2n:\u00a0Gi\u1ea5y t\u1edd t\u00f9y th\u00e2n theo quy \u0111\u1ecbnh trong Quy ch\u1ebf [&#8230;]\n","protected":false},"author":1,"featured_media":0,"parent":0,"menu_order":0,"comment_status":"closed","ping_status":"closed","template":"","meta":{"footnotes":""},"class_list":["post-434","page","type-page","status-publish","hentry"],"_links":{"self":[{"href":"https:\/\/chacavungtau.com\/bai-viet\/wp-json\/wp\/v2\/pages\/434","targetHints":{"allow":["GET"]}}],"collection":[{"href":"https:\/\/chacavungtau.com\/bai-viet\/wp-json\/wp\/v2\/pages"}],"about":[{"href":"https:\/\/chacavungtau.com\/bai-viet\/wp-json\/wp\/v2\/types\/page"}],"author":[{"embeddable":true,"href":"https:\/\/chacavungtau.com\/bai-viet\/wp-json\/wp\/v2\/users\/1"}],"replies":[{"embeddable":true,"href":"https:\/\/chacavungtau.com\/bai-viet\/wp-json\/wp\/v2\/comments?post=434"}],"version-history":[{"count":1,"href":"https:\/\/chacavungtau.com\/bai-viet\/wp-json\/wp\/v2\/pages\/434\/revisions"}],"predecessor-version":[{"id":435,"href":"https:\/\/chacavungtau.com\/bai-viet\/wp-json\/wp\/v2\/pages\/434\/revisions\/435"}],"wp:attachment":[{"href":"https:\/\/chacavungtau.com\/bai-viet\/wp-json\/wp\/v2\/media?parent=434"}],"curies":[{"name":"wp","href":"https:\/\/api.w.org\/{rel}","templated":true}]}}